{"id":393,"date":"2025-09-26T14:04:07","date_gmt":"2025-09-26T14:04:07","guid":{"rendered":"https:\/\/artencost.com\/?post_type=product&#038;p=393"},"modified":"2025-09-26T14:04:08","modified_gmt":"2025-09-26T14:04:08","slug":"maquina-coser-veritas-emily","status":"publish","type":"product","link":"https:\/\/artencost.com\/eu\/produktua\/maquina-coser-veritas-emily\/","title":{"rendered":"M\u00e1quina Coser VERITAS EMILY"},"content":{"rendered":"<p>M\u00c1QUINA DE COSER DOM\u00c9STICA<br \/>\nVERITAS<br \/>\nEMILY<br \/>\n\u0096 M\u00e1quina electr\u00f3nica<br \/>\n\u0096 80 programas de puntadas con alfabeto y n\u00fameros<br \/>\n\u0096 3 ojales distintos<br \/>\n\u0096 Pantalla LED<br \/>\n\u0096 Tecla de arranque\/parada<br \/>\n\u0096 Mando para ajuste continuo de velocidad<br \/>\n\u0096 Enhebrador autom\u00e1tico de agujas<br \/>\n\u0096 Longitud de puntada m\u00e1xima: 4,5 mm<br \/>\n\u0096 Anchura de puntada m\u00e1xima: 7 mm<br \/>\n\u0096 Tensi\u00f3n autom\u00e1tica de hilo<br \/>\n\u0096 Luz LED antideslumbrante para coser<\/p>","protected":false},"excerpt":{"rendered":"<p>M\u00c1QUINA DE COSER DOM\u00c9STICA<br \/>\nVERITAS<br \/>\nEMILY<br \/>\n\u0096 M\u00e1quina electr\u00f3nica<br \/>\n\u0096 80 programas de puntadas con alfabeto y n\u00fameros<br \/>\n\u0096 3 ojales distintos<br \/>\n\u0096 Pantalla LED<br \/>\n\u0096 Tecla de arranque\/parada<br \/>\n\u0096 Mando para ajuste continuo de velocidad<br \/>\n\u0096 Enhebrador autom\u00e1tico de agujas<br \/>\n\u0096 Longitud de puntada m\u00e1xima: 4,5 mm<br \/>\n\u0096 Anchura de puntada m\u00e1xima: 7 mm<br \/>\n\u0096 Tensi\u00f3n autom\u00e1tica de hilo<br \/>\n\u0096 Luz LED antideslumbrante para coser<\/p>","protected":false},"featured_media":394,"comment_status":"open","ping_status":"closed","template":"","meta":[],"product_brand":[],"product_cat":[22],"product_tag":[],"class_list":{"0":"post-393","1":"product","2":"type-product","3":"status-publish","4":"has-post-thumbnail","6":"product_cat-maquina-de-coser","8":"first","9":"instock","10":"shipping-taxable","11":"purchasable","12":"product-type-simple"},"yoast_head":"<!-- This site is optimized with the Yoast SEO plugin v27.5 - https:\/\/yoast.com\/product\/yoast-seo-wordpress\/ -->\n<title>M\u00e1quina Coser VERITAS EMILY - ArtenCost<\/title>\n<meta name=\"robots\" content=\"index, follow, max-snippet:-1, max-image-preview:large, max-video-preview:-1\" \/>\n<link rel=\"canonical\" href=\"https:\/\/artencost.com\/eu\/produktua\/maquina-coser-veritas-emily\/\" \/>\n<meta property=\"og:locale\" content=\"en_US\" \/>\n<meta property=\"og:type\" content=\"article\" \/>\n<meta property=\"og:title\" content=\"M\u00e1quina Coser VERITAS EMILY - ArtenCost\" \/>\n<meta property=\"og:description\" content=\"M\u00c1QUINA DE COSER DOM\u00c9STICA VERITAS EMILY \u0096 M\u00e1quina electr\u00f3nica \u0096 80 programas de puntadas con alfabeto y n\u00fameros \u0096 3 ojales distintos \u0096 Pantalla LED \u0096 Tecla de arranque\/parada \u0096 Mando para ajuste continuo de velocidad \u0096 Enhebrador autom\u00e1tico de agujas \u0096 Longitud de puntada m\u00e1xima: 4,5 mm \u0096 Anchura de puntada m\u00e1xima: 7 mm \u0096 Tensi\u00f3n autom\u00e1tica de hilo \u0096 Luz LED antideslumbrante para coser\" \/>\n<meta property=\"og:url\" content=\"https:\/\/artencost.com\/eu\/produktua\/maquina-coser-veritas-emily\/\" \/>\n<meta property=\"og:site_name\" content=\"ArtenCost\" \/>\n<meta property=\"article:modified_time\" content=\"2025-09-26T14:04:08+00:00\" \/>\n<meta property=\"og:image\" content=\"https:\/\/artencost.com\/wp-content\/uploads\/2025\/09\/maquina-coser-veritas-emily.jpg\" \/>\n\t<meta property=\"og:image:width\" content=\"800\" \/>\n\t<meta property=\"og:image:height\" content=\"800\" \/>\n\t<meta property=\"og:image:type\" content=\"image\/jpeg\" \/>\n<meta name=\"twitter:card\" content=\"summary_large_image\" \/>\n<meta name=\"twitter:label1\" content=\"Est. reading time\" \/>\n\t<meta name=\"twitter:data1\" content=\"1 minutua\" \/>\n<script type=\"application\/ld+json\" class=\"yoast-schema-graph\">{\"@context\":\"https:\\\/\\\/schema.org\",\"@graph\":[{\"@type\":\"WebPage\",\"@id\":\"https:\\\/\\\/artencost.com\\\/producto\\\/maquina-coser-veritas-emily\\\/\",\"url\":\"https:\\\/\\\/artencost.com\\\/producto\\\/maquina-coser-veritas-emily\\\/\",\"name\":\"M\u00e1quina Coser VERITAS EMILY - ArtenCost\",\"isPartOf\":{\"@id\":\"https:\\\/\\\/artencost.com\\\/#website\"},\"primaryImageOfPage\":{\"@id\":\"https:\\\/\\\/artencost.com\\\/producto\\\/maquina-coser-veritas-emily\\\/#primaryimage\"},\"image\":{\"@id\":\"https:\\\/\\\/artencost.com\\\/producto\\\/maquina-coser-veritas-emily\\\/#primaryimage\"},\"thumbnailUrl\":\"https:\\\/\\\/artencost.com\\\/wp-content\\\/uploads\\\/2025\\\/09\\\/maquina-coser-veritas-emily.jpg\",\"datePublished\":\"2025-09-26T14:04:07+00:00\",\"dateModified\":\"2025-09-26T14:04:08+00:00\",\"breadcrumb\":{\"@id\":\"https:\\\/\\\/artencost.com\\\/producto\\\/maquina-coser-veritas-emily\\\/#breadcrumb\"},\"inLanguage\":\"eu\",\"potentialAction\":[{\"@type\":\"ReadAction\",\"target\":[\"https:\\\/\\\/artencost.com\\\/producto\\\/maquina-coser-veritas-emily\\\/\"]}]},{\"@type\":\"ImageObject\",\"inLanguage\":\"eu\",\"@id\":\"https:\\\/\\\/artencost.com\\\/producto\\\/maquina-coser-veritas-emily\\\/#primaryimage\",\"url\":\"https:\\\/\\\/artencost.com\\\/wp-content\\\/uploads\\\/2025\\\/09\\\/maquina-coser-veritas-emily.jpg\",\"contentUrl\":\"https:\\\/\\\/artencost.com\\\/wp-content\\\/uploads\\\/2025\\\/09\\\/maquina-coser-veritas-emily.jpg\",\"width\":800,\"height\":800},{\"@type\":\"BreadcrumbList\",\"@id\":\"https:\\\/\\\/artencost.com\\\/producto\\\/maquina-coser-veritas-emily\\\/#breadcrumb\",\"itemListElement\":[{\"@type\":\"ListItem\",\"position\":1,\"name\":\"Portada\",\"item\":\"https:\\\/\\\/artencost.com\\\/\"},{\"@type\":\"ListItem\",\"position\":2,\"name\":\"Tienda\",\"item\":\"https:\\\/\\\/artencost.com\\\/tienda\\\/\"},{\"@type\":\"ListItem\",\"position\":3,\"name\":\"M\u00e1quina Coser VERITAS EMILY\"}]},{\"@type\":\"WebSite\",\"@id\":\"https:\\\/\\\/artencost.com\\\/#website\",\"url\":\"https:\\\/\\\/artencost.com\\\/\",\"name\":\"ArtenCost\",\"description\":\"\",\"publisher\":{\"@id\":\"https:\\\/\\\/artencost.com\\\/#organization\"},\"potentialAction\":[{\"@type\":\"SearchAction\",\"target\":{\"@type\":\"EntryPoint\",\"urlTemplate\":\"https:\\\/\\\/artencost.com\\\/?s={search_term_string}\"},\"query-input\":{\"@type\":\"PropertyValueSpecification\",\"valueRequired\":true,\"valueName\":\"search_term_string\"}}],\"inLanguage\":\"eu\"},{\"@type\":\"Organization\",\"@id\":\"https:\\\/\\\/artencost.com\\\/#organization\",\"name\":\"ArtenCost\",\"url\":\"https:\\\/\\\/artencost.com\\\/\",\"logo\":{\"@type\":\"ImageObject\",\"inLanguage\":\"eu\",\"@id\":\"https:\\\/\\\/artencost.com\\\/#\\\/schema\\\/logo\\\/image\\\/\",\"url\":\"https:\\\/\\\/artencost.com\\\/wp-content\\\/uploads\\\/2025\\\/07\\\/cropped-Artncost-Logo_Mesa-de-trabajo-1.png\",\"contentUrl\":\"https:\\\/\\\/artencost.com\\\/wp-content\\\/uploads\\\/2025\\\/07\\\/cropped-Artncost-Logo_Mesa-de-trabajo-1.png\",\"width\":1080,\"height\":1080,\"caption\":\"ArtenCost \"},\"image\":{\"@id\":\"https:\\\/\\\/artencost.com\\\/#\\\/schema\\\/logo\\\/image\\\/\"}}]}<\/script>\n<!-- \/ Yoast SEO plugin. -->","yoast_head_json":{"title":"M\u00e1quina Coser VERITAS EMILY - ArtenCost","robots":{"index":"index","follow":"follow","max-snippet":"max-snippet:-1","max-image-preview":"max-image-preview:large","max-video-preview":"max-video-preview:-1"},"canonical":"https:\/\/artencost.com\/eu\/produktua\/maquina-coser-veritas-emily\/","og_locale":"en_US","og_type":"article","og_title":"M\u00e1quina Coser VERITAS EMILY - ArtenCost","og_description":"M\u00c1QUINA DE COSER DOM\u00c9STICA VERITAS EMILY \u0096 M\u00e1quina electr\u00f3nica \u0096 80 programas de puntadas con alfabeto y n\u00fameros \u0096 3 ojales distintos \u0096 Pantalla LED \u0096 Tecla de arranque\/parada \u0096 Mando para ajuste continuo de velocidad \u0096 Enhebrador autom\u00e1tico de agujas \u0096 Longitud de puntada m\u00e1xima: 4,5 mm \u0096 Anchura de puntada m\u00e1xima: 7 mm \u0096 Tensi\u00f3n autom\u00e1tica de hilo \u0096 Luz LED antideslumbrante para coser","og_url":"https:\/\/artencost.com\/eu\/produktua\/maquina-coser-veritas-emily\/","og_site_name":"ArtenCost","article_modified_time":"2025-09-26T14:04:08+00:00","og_image":[{"width":800,"height":800,"url":"https:\/\/artencost.com\/wp-content\/uploads\/2025\/09\/maquina-coser-veritas-emily.jpg","type":"image\/jpeg"}],"twitter_card":"summary_large_image","twitter_misc":{"Est. reading time":"1 minutua"},"schema":{"@context":"https:\/\/schema.org","@graph":[{"@type":"WebPage","@id":"https:\/\/artencost.com\/producto\/maquina-coser-veritas-emily\/","url":"https:\/\/artencost.com\/producto\/maquina-coser-veritas-emily\/","name":"M\u00e1quina Coser VERITAS EMILY - ArtenCost","isPartOf":{"@id":"https:\/\/artencost.com\/#website"},"primaryImageOfPage":{"@id":"https:\/\/artencost.com\/producto\/maquina-coser-veritas-emily\/#primaryimage"},"image":{"@id":"https:\/\/artencost.com\/producto\/maquina-coser-veritas-emily\/#primaryimage"},"thumbnailUrl":"https:\/\/artencost.com\/wp-content\/uploads\/2025\/09\/maquina-coser-veritas-emily.jpg","datePublished":"2025-09-26T14:04:07+00:00","dateModified":"2025-09-26T14:04:08+00:00","breadcrumb":{"@id":"https:\/\/artencost.com\/producto\/maquina-coser-veritas-emily\/#breadcrumb"},"inLanguage":"eu","potentialAction":[{"@type":"ReadAction","target":["https:\/\/artencost.com\/producto\/maquina-coser-veritas-emily\/"]}]},{"@type":"ImageObject","inLanguage":"eu","@id":"https:\/\/artencost.com\/producto\/maquina-coser-veritas-emily\/#primaryimage","url":"https:\/\/artencost.com\/wp-content\/uploads\/2025\/09\/maquina-coser-veritas-emily.jpg","contentUrl":"https:\/\/artencost.com\/wp-content\/uploads\/2025\/09\/maquina-coser-veritas-emily.jpg","width":800,"height":800},{"@type":"BreadcrumbList","@id":"https:\/\/artencost.com\/producto\/maquina-coser-veritas-emily\/#breadcrumb","itemListElement":[{"@type":"ListItem","position":1,"name":"Portada","item":"https:\/\/artencost.com\/"},{"@type":"ListItem","position":2,"name":"Tienda","item":"https:\/\/artencost.com\/tienda\/"},{"@type":"ListItem","position":3,"name":"M\u00e1quina Coser VERITAS EMILY"}]},{"@type":"WebSite","@id":"https:\/\/artencost.com\/#website","url":"https:\/\/artencost.com\/","name":"ArtenCost","description":"","publisher":{"@id":"https:\/\/artencost.com\/#organization"},"potentialAction":[{"@type":"SearchAction","target":{"@type":"EntryPoint","urlTemplate":"https:\/\/artencost.com\/?s={search_term_string}"},"query-input":{"@type":"PropertyValueSpecification","valueRequired":true,"valueName":"search_term_string"}}],"inLanguage":"eu"},{"@type":"Organization","@id":"https:\/\/artencost.com\/#organization","name":"ArtenCost","url":"https:\/\/artencost.com\/","logo":{"@type":"ImageObject","inLanguage":"eu","@id":"https:\/\/artencost.com\/#\/schema\/logo\/image\/","url":"https:\/\/artencost.com\/wp-content\/uploads\/2025\/07\/cropped-Artncost-Logo_Mesa-de-trabajo-1.png","contentUrl":"https:\/\/artencost.com\/wp-content\/uploads\/2025\/07\/cropped-Artncost-Logo_Mesa-de-trabajo-1.png","width":1080,"height":1080,"caption":"ArtenCost "},"image":{"@id":"https:\/\/artencost.com\/#\/schema\/logo\/image\/"}}]}},"_links":{"self":[{"href":"https:\/\/artencost.com\/eu\/wp-json\/wp\/v2\/product\/393","targetHints":{"allow":["GET"]}}],"collection":[{"href":"https:\/\/artencost.com\/eu\/wp-json\/wp\/v2\/product"}],"about":[{"href":"https:\/\/artencost.com\/eu\/wp-json\/wp\/v2\/types\/product"}],"replies":[{"embeddable":true,"href":"https:\/\/artencost.com\/eu\/wp-json\/wp\/v2\/comments?post=393"}],"wp:featuredmedia":[{"embeddable":true,"href":"https:\/\/artencost.com\/eu\/wp-json\/wp\/v2\/media\/394"}],"wp:attachment":[{"href":"https:\/\/artencost.com\/eu\/wp-json\/wp\/v2\/media?parent=393"}],"wp:term":[{"taxonomy":"product_brand","embeddable":true,"href":"https:\/\/artencost.com\/eu\/wp-json\/wp\/v2\/product_brand?post=393"},{"taxonomy":"product_cat","embeddable":true,"href":"https:\/\/artencost.com\/eu\/wp-json\/wp\/v2\/product_cat?post=393"},{"taxonomy":"product_tag","embeddable":true,"href":"https:\/\/artencost.com\/eu\/wp-json\/wp\/v2\/product_tag?post=393"}],"curies":[{"name":"wp","href":"https:\/\/api.w.org\/{rel}","templated":true}]}}

Máquina Coser VERITAS EMILY

<p>MÁQUINA DE COSER DOMÉSTICA<br />
VERITAS<br />
EMILY<br />
 Máquina electrónica<br />
 80 programas de puntadas con alfabeto y números<br />
 3 ojales distintos<br />
 Pantalla LED<br />
 Tecla de arranque/parada<br />
 Mando para ajuste continuo de velocidad<br />
 Enhebrador automático de agujas<br />
 Longitud de puntada máxima: 4,5 mm<br />
 Anchura de puntada máxima: 7 mm<br />
 Tensión automática de hilo<br />
 Luz LED antideslumbrante para coser</p>

<!-- This site is optimized with the Yoast SEO plugin v27.5 - https://yoast.com/product/yoast-seo-wordpress/ -->
<title>Máquina Coser VERITAS EMILY - ArtenCost</title>
<meta name="robots" content="index, follow, max-snippet:-1, max-image-preview:large, max-video-preview:-1" />
<link rel="canonical" href="https://artencost.com/eu/produktua/maquina-coser-veritas-emily/" />
<meta property="og:locale" content="en_US" />
<meta property="og:type" content="article" />
<meta property="og:title" content="Máquina Coser VERITAS EMILY - ArtenCost" />
<meta property="og:description" content="MÁQUINA DE COSER DOMÉSTICA VERITAS EMILY  Máquina electrónica  80 programas de puntadas con alfabeto y números  3 ojales distintos  Pantalla LED  Tecla de arranque/parada  Mando para ajuste continuo de velocidad  Enhebrador automático de agujas  Longitud de puntada máxima: 4,5 mm  Anchura de puntada máxima: 7 mm  Tensión automática de hilo  Luz LED antideslumbrante para coser" />
<meta property="og:url" content="https://artencost.com/eu/produktua/maquina-coser-veritas-emily/" />
<meta property="og:site_name" content="ArtenCost" />
<meta property="article:modified_time" content="2025-09-26T14:04:08+00:00" />
<meta property="og:image" content="https://artencost.com/wp-content/uploads/2025/09/maquina-coser-veritas-emily.jpg" />
	<meta property="og:image:width" content="800" />
	<meta property="og:image:height" content="800" />
	<meta property="og:image:type" content="image/jpeg" />
<meta name="twitter:card" content="summary_large_image" />
<meta name="twitter:label1" content="Est. reading time" />
	<meta name="twitter:data1" content="1 minutua" />
<script type="application/ld+json" class="yoast-schema-graph">{"@context":"https:\/\/schema.org","@graph":[{"@type":"WebPage","@id":"https:\/\/artencost.com\/producto\/maquina-coser-veritas-emily\/","url":"https:\/\/artencost.com\/producto\/maquina-coser-veritas-emily\/","name":"Máquina Coser VERITAS EMILY - ArtenCost","isPartOf":{"@id":"https:\/\/artencost.com\/#website"},"primaryImageOfPage":{"@id":"https:\/\/artencost.com\/producto\/maquina-coser-veritas-emily\/#primaryimage"},"image":{"@id":"https:\/\/artencost.com\/producto\/maquina-coser-veritas-emily\/#primaryimage"},"thumbnailUrl":"https:\/\/artencost.com\/wp-content\/uploads\/2025\/09\/maquina-coser-veritas-emily.jpg","datePublished":"2025-09-26T14:04:07+00:00","dateModified":"2025-09-26T14:04:08+00:00","breadcrumb":{"@id":"https:\/\/artencost.com\/producto\/maquina-coser-veritas-emily\/#breadcrumb"},"inLanguage":"eu","potentialAction":[{"@type":"ReadAction","target":["https:\/\/artencost.com\/producto\/maquina-coser-veritas-emily\/"]}]},{"@type":"ImageObject","inLanguage":"eu","@id":"https:\/\/artencost.com\/producto\/maquina-coser-veritas-emily\/#primaryimage","url":"https:\/\/artencost.com\/wp-content\/uploads\/2025\/09\/maquina-coser-veritas-emily.jpg","contentUrl":"https:\/\/artencost.com\/wp-content\/uploads\/2025\/09\/maquina-coser-veritas-emily.jpg","width":800,"height":800},{"@type":"BreadcrumbList","@id":"https:\/\/artencost.com\/producto\/maquina-coser-veritas-emily\/#breadcrumb","itemListElement":[{"@type":"ListItem","position":1,"name":"Portada","item":"https:\/\/artencost.com\/"},{"@type":"ListItem","position":2,"name":"Tienda","item":"https:\/\/artencost.com\/tienda\/"},{"@type":"ListItem","position":3,"name":"Máquina Coser VERITAS EMILY"}]},{"@type":"WebSite","@id":"https:\/\/artencost.com\/#website","url":"https:\/\/artencost.com\/","name":"ArtenCost","description":"","publisher":{"@id":"https:\/\/artencost.com\/#organization"},"potentialAction":[{"@type":"SearchAction","target":{"@type":"EntryPoint","urlTemplate":"https:\/\/artencost.com\/?s={search_term_string}"},"query-input":{"@type":"PropertyValueSpecification","valueRequired":true,"valueName":"search_term_string"}}],"inLanguage":"eu"},{"@type":"Organization","@id":"https:\/\/artencost.com\/#organization","name":"ArtenCost","url":"https:\/\/artencost.com\/","logo":{"@type":"ImageObject","inLanguage":"eu","@id":"https:\/\/artencost.com\/#\/schema\/logo\/image\/","url":"https:\/\/artencost.com\/wp-content\/uploads\/2025\/07\/cropped-Artncost-Logo_Mesa-de-trabajo-1.png","contentUrl":"https:\/\/artencost.com\/wp-content\/uploads\/2025\/07\/cropped-Artncost-Logo_Mesa-de-trabajo-1.png","width":1080,"height":1080,"caption":"ArtenCost "},"image":{"@id":"https:\/\/artencost.com\/#\/schema\/logo\/image\/"}}]}</script>
<!-- / Yoast SEO plugin. -->

Máquina Coser VERITAS EMILY - ArtenCost

MÁQUINA DE COSER DOMÉSTICA VERITAS EMILY  Máquina electrónica  80 programas de puntadas con alfabeto y números  3 ojales distintos  Pantalla LED  Tecla de arranque/parada  Mando para ajuste continuo de velocidad  Enhebrador automático de agujas  Longitud de puntada máxima: 4,5 mm  Anchura de puntada máxima: 7 mm  Tensión automática de hilo  Luz LED antideslumbrante para coser
